 thousands digit of 77879346?
8
What is the billions digit of 1162455609?
1
What is the tens digit of 130038725?
2
What is the hundreds digit of 75039151?
1
What is the hundred thousands digit of 170961989?
9
What is the hundreds digit of 8205073?
0
What is the ten millions digit of 644984417?
4
What is the ten thousands digit of 15784784?
8
What is the units digit of 2867231670?
0
What is the units digit of 230585162?
2
What is the hundreds digit of 1448388?
3
What is the billions digit of 1756467819?
1
What is the thousands digit of 1083397982?
7
What is the ten thousands digit of 166691340?
9
What is the ten millions digit of 653707644?
5
What is the thousands digit of 81117895?
7
What is the ten thousands digit of 15642691?
4
What is the thousands digit of 79296288?
6
What is the hundred thousands digit of 39318669?
3
What is the millions digit of 34530575?
4
What is the hundred thousands digit of 2157610946?
6
What is the hundreds digit of 822573604?
6
What is the hundred thousands digit of 81432034?
4
What is the hundreds digit of 63561478?
4
What is the thousands digit of 687727386?
7
What is the hundreds digit of 1426979800?
8
What is the hundreds digit of 33316383?
3
What is the hundred thousands digit of 500840881?
8
What is the hundred thousands digit of 2833762341?
7
What is the units digit of 6349708787?
7
What is the ten millions digit of 162459835?
6
What is the tens digit of 26229412?
1
What is the hundred millions digit of 4692280863?
6
What is the tens digit of 32329653?
5
What is the hundreds digit of 772488413?
4
What is the millions digit of 21359907?
1
What is the thousands digit of 662171786?
1
What is the hundreds digit of 107893684?
6
What is the hundred thousands digit of 296999922?
9
What is the tens digit of 307818005?
0
What is the tens digit of 1553560875?
7
What is the thousands digit of 4085123936?
3
What is the tens digit of 171101775?
7
What is the units digit of 2356077872?
2
What is the thousands digit of 664122203?
2
What is the hundred millions digit of 375100821?
3
What is the units digit of 399009030?
0
What is the hundred thousands digit of 97839549?
8
What is the ten millions digit of 205602968?
0
What is the ten thousands digit of 537164056?
6
What is the ten millions digit of 22367342?
2
What is the ten millions digit of 47448917?
4
What is the hundred thousands digit of 54655041?
6
What is the units digit of 16550862?
2
What is the tens digit of 11934522?
2
What is the millions digit of 146793278?
6
What is the hundred millions digit of 736666387?
7
What is the tens digit of 29803519?
1
What is the ten millions digit of 2144920316?
4
What is the millions digit of 9757218?
9
What is the units digit of 139336687?
7
What is the tens digit of 636773461?
6
What is the hundreds digit of 199565919?
9
What is the hundreds digit of 191184876?
8
What is the hundred millions digit of 2289739326?
2
What is the ten thousands digit of 18539031?
3
What is the billions digit of 5294726685?
5
What is the ten thousands digit of 621347476?
4
What is the hundred thousands digit of 254792731?
7
What is the millions digit of 12868829?
2
What is the thousands digit of 21571611?
1
What is the ten thousands digit of 1153367842?
6
What is the hundred thousands digit of 36914836?
9
What is the thousands digit of 44670664?
0
What is the millions digit of 650449397?
0
What is the units digit of 4618131?
1
What is the tens digit of 186545669?
6
What is the hundred thousands digit of 2232139097?
1
What is the units digit of 28054837?
7
What is the hundreds digit of 369451729?
7
What is the hundreds digit of 198396496?
4
What is the thousands digit of 2802539575?
9
What is the thousands digit of 3709408357?
8
What is the ten millions digit of 1732426773?
3
What is the hundred millions digit of 1214373537?
2
What is the ten thousands digit of 1219688231?
8
What is the millions digit of 65306227?
5
What is the tens digit of 3364308727?
2
What is the billions digit of 2560969437?
2
What is the units digit of 2818028820?
0
What is the millions digit of 67033726?
7
What is the hundred millions digit of 192646427?
1
What is the thousands digit of 421366058?
6
What is the ten thousands digit of 116336406?
3
What is the hundreds digit of 1917946660?
6
What is the hundreds digit of 424698152?
1
What is the ten millions digit of 1146066307?
4
What is the ten thousands digit of 143207815?
0
What is the units digit of 25620417?
7
What is the thousands digit of 268283279?
3
What is the millions digit of 15598332?
5
What is the units digit of 17387890?
0
What is the millions digit of 121530667?
1
What is the hundred millions digit of 288694688?
2
What is the hundreds digit of 123628875?
8
What is the tens digit of 374790754?
5
What is the ten millions digit of 47046827?
4
What is the units digit of 227103549?
9
What is the ten millions digit of 684022700?
8
What is the units digit of 47946339?
9
What is the thousands digit of 114122869?
2
What is the units digit of 4939979?
9
What is the tens digit of 1624218428?
2
What is the millions digit of 7976789838?
6
What is the millions digit of 2067598985?
7
What is the ten thousands digit of 523330662?
3
What is the millions digit of 195824690?
5
What is the ten thousands digit of 1983576138?
7
What is the units digit of 602594462?
2
What is the hundred thousands digit of 12094740?
0
What is the hundreds digit of 3136459746?
7
What is the tens digit of 14573116?
1
What is the hundred millions digit of 882268515?
8
What is the hundred thousands digit of 1937064533?
0
What is the hundred millions digit of 1261791413?
2
What is the hundred millions digit of 224809206?
2
What is the hundred millions digit of 705075648?
7
What is the millions digit of 69204905?
9
What is the hundreds digit of 599509738?
7
What is the ten thousands digit of 338039582?
3
What is the tens digit of 20786854?
5
What is the tens digit of 409541090?
9
What is the tens digit of 71457262?
6
What is the tens digit of 1022964948?
4
What is the thousands digit of 58383871?
3
What is the hundreds digit of 12293801?
8
What is the thousands digit of 113400257?
0
What is the tens digit of 206996453?
5
What is the hundred millions digit of 749778924?
7
What is the hundred thousands digit of 1042062718?
0
What is the tens digit of 293275566?
6
What is the ten millions digit of 69488026?
6
What is the thousands digit of 2959847662?
7
What is the thousands digit of 7660171668?
1
What is the units digit of 7365139057?
7
What is the ten thousands digit of 1017855434?
5
What is the millions digit of 545981842?
5
What is the tens digit of 32538256?
5
What is the ten thousands digit of 1236523666?
2
What is the units digit of 281410962?
2
What is the units digit of 270510359?
9
What is the ten thousands digit of 5522445395?
4
What is the units digit of 134821537?
7
What is the billions digit of 3310140971?
3
What is the hundred thousands digit of 312671353?
6
What is the thousands digit of 121180346?
0
What is the tens digit of 14545816?
1
What is the ten millions digit of 51290761?
5
What is the ten thousands digit of 97858181?
5
What is the hundreds digit of 8903671816?
8
What is the tens digit of 60269135?
3
What is the hundreds digit of 313570139?
1
What is the ten thousands digit of 41952362?
5
What is the units digit of 254526605?
5
What is the hundred thousands digit of 41064259?
0
What is the tens digit of 29462637?
3
What is the units digit of 103673781?
1
What is the units digit of 443685760?
0
What is the ten millions digit of 649474651?
4
What is the millions digit of 61453919?
1
What is the units digit of 1665558243?
3
What is the hundred millions digit of 415422829?
4
What is the ten thousands digit of 12151849?
5
What is the tens digit of 40443091?
9
What is the billions digit of 2793600048?
2
What is the thousands digit of 3915597?
5
What is the hundred thousands digit of 33487967?
4
What is the billions digit of 4062238899?
4
What is the ten thousands digit of 47039511?
3
What is the hundreds digit of 228761547?
5
What is the hundreds digit of 168580454?
4
What is the hundred millions digit of 824414863?
8
What is the hundreds digit of 1470033297?
2
What is the ten millions digit of 358655113?
5
What is the hundreds digit of